{"id":2,"date":"2020-06-07T05:44:34","date_gmt":"2020-06-07T05:44:34","guid":{"rendered":"https:\/\/www.audox.cl\/mailchimp\/?page_id=2"},"modified":"2023-01-08T20:09:20","modified_gmt":"2023-01-08T20:09:20","slug":"gestion-email-marketing-mailchimp","status":"publish","type":"page","link":"https:\/\/www.audox.cl\/mailchimp\/gestion-email-marketing-mailchimp\/","title":{"rendered":"Gesti\u00f3n de Campa\u00f1as"},"content":{"rendered":"\n<p>Dentro de nuestros servicios, te podemos ayudar haci\u00e9ndonos cargo del env\u00edo de tus\u00a0<strong>campa\u00f1as<\/strong>\u00a0de\u00a0<strong>email marketing<\/strong>\u00a0<strong>MailChimp<\/strong>. Este servicio incluye:<\/p>\n\n\n\n<ul class=\"wp-block-list\">\n<li>Gesti\u00f3n de la cuenta de MailChimp<\/li>\n\n\n\n<li>Importaci\u00f3n de bases de datos<\/li>\n\n\n\n<li>Preparaci\u00f3n del correo a enviar<\/li>\n\n\n\n<li>Env\u00edo del correo<\/li>\n\n\n\n<li>Env\u00edo de reporte de resultados de la campa\u00f1a<\/li>\n<\/ul>\n\n\n\n<figure class=\"wp-block-image size-large\"><img loading=\"lazy\" decoding=\"async\" width=\"1024\" height=\"643\" src=\"http:\/\/www.audox.cl\/mailchimp\/wp-content\/uploads\/sites\/42\/2020\/06\/image-1024x643.png\" alt=\"Email Marketing MailChimp\" class=\"wp-image-37\" srcset=\"https:\/\/www.audox.cl\/mailchimp\/wp-content\/uploads\/sites\/42\/2020\/06\/image-1024x643.png 1024w, https:\/\/www.audox.cl\/mailchimp\/wp-content\/uploads\/sites\/42\/2020\/06\/image-300x188.png 300w, https:\/\/www.audox.cl\/mailchimp\/wp-content\/uploads\/sites\/42\/2020\/06\/image-768x482.png 768w, https:\/\/www.audox.cl\/mailchimp\/wp-content\/uploads\/sites\/42\/2020\/06\/image-100x63.png 100w, https:\/\/www.audox.cl\/mailchimp\/wp-content\/uploads\/sites\/42\/2020\/06\/image-150x94.png 150w, https:\/\/www.audox.cl\/mailchimp\/wp-content\/uploads\/sites\/42\/2020\/06\/image-200x126.png 200w, https:\/\/www.audox.cl\/mailchimp\/wp-content\/uploads\/sites\/42\/2020\/06\/image-450x282.png 450w, https:\/\/www.audox.cl\/mailchimp\/wp-content\/uploads\/sites\/42\/2020\/06\/image-600x377.png 600w, https:\/\/www.audox.cl\/mailchimp\/wp-content\/uploads\/sites\/42\/2020\/06\/image-900x565.png 900w, https:\/\/www.audox.cl\/mailchimp\/wp-content\/uploads\/sites\/42\/2020\/06\/image.png 1042w\" sizes=\"auto, (max-width: 1024px) 100vw, 1024px\" \/><\/figure>\n\n\n\n<p class=\"has-text-align-center\"><em>Audox es <a href=\"https:\/\/mailchimp.com\/experts\/audox-ingenieria\/\">Partner Oficial<\/a> de MailChimp en Chile<\/em><\/p>\n\n\n\n<p>En Audox somos expertos en la gesti\u00f3n de campa\u00f1as de Email Marketing MailChimp. Cualquier consulta no dudes en <a href=\"http:\/\/audox.cl\/mailchimp\/contacto\">contactarnos<\/a>.<\/p>\n\n\n\n<h2 class=\"wp-block-heading\">Terminolog\u00eda b\u00e1sica de Mailchimp<\/h2>\n\n\n\n<p>Cada software tiene sus propias palabras para lo que se llama cada una de sus caracter\u00edsticas y funciones. Para Mailchimp, es bastante obvio qu\u00e9 es cada cosa, pero dado que var\u00eda de una herramienta a otra, aqu\u00ed hay un breve resumen de c\u00f3mo se llama todo:<\/p>\n\n\n\n<p>Lista: aqu\u00ed es donde se almacenan las direcciones de correo electr\u00f3nico de los suscriptores, a qui\u00e9n puede enviar campa\u00f1as y automatizaciones.<\/p>\n\n\n\n<p>Suscriptor: esta es una persona (un contacto) que ha optado por su lista o le ha dado su consentimiento para agregarlos a su lista. Legalmente, solo puede agregar personas como suscriptores si le han dado permiso.<\/p>\n\n\n\n<p>Boletines informativos: estos son los correos electr\u00f3nicos que env\u00eda a los suscriptores de su lista. Las campa\u00f1as pueden ser explosiones puntuales a su lista o automatizaciones, que pueden ser correos electr\u00f3nicos individuales o una serie de correos electr\u00f3nicos que se env\u00edan cuando sucede algo espec\u00edfico (como un suscriptor compra o se registra para una actualizaci\u00f3n de contenido).<\/p>\n\n\n\n<p>Plantilla: as\u00ed es como se ven sus campa\u00f1as, y puede usar su logotipo, colores o fuentes. Mailchimp te permite crear plantillas con su creador de arrastrar y soltar, aunque los correos electr\u00f3nicos de texto sin formato a\u00fan funcionan mejor.<\/p>\n\n\n\n<p>Fusionar campos y grupos: otras herramientas del bolet\u00edn se refieren a ellas como \u00abetiquetas\u00bb, pero en Mailchimp puede asociar diferentes partes de informaci\u00f3n con cada suscriptor: como desde qu\u00e9 p\u00e1gina se suscribieron, qu\u00e9 compraron o no compraron, o qu\u00e9 \u2018 Est\u00e1s interesado en<\/p>\n\n\n\n<h2 class=\"wp-block-heading\">Servicios para Email Marketing MailChimp con Audox<\/h2>\n\n\n\n<p>En Audox<a href=\"https:\/\/www.youtube.com\/feed\/my_videos\"> <\/a><a href=\"https:\/\/www.youtube.com\/user\/tecnologiafacil\">somos experto<\/a><a href=\"https:\/\/www.youtube.com\/feed\/my_videos\">s<\/a>\u00a0en implementaci\u00f3n, soporte y capacitaci\u00f3n de MailChimp para empresas peque\u00f1as, medianas y grandes gracias a nuestra amplia experiencia de m\u00e1s de una d\u00e9cada en el \u00e1rea de la tecnolog\u00eda e ingenier\u00eda. Audox es <a href=\"https:\/\/mailchimp.com\/experts\/audox-ingenieria\/\">Partner Oficial<\/a> de MailChimp en Chile.<\/p>\n\n\n\n<p>Nuestro equipo de especialistas est\u00e1 listo para ayudarte en solventar tus problemas y dar respuesta a tus necesidades.<\/p>\n\n\n\n<p><a href=\"https:\/\/www.audox.cl\/mailchimp\/contacto\/\">\u00a1Cont\u00e1ctanos!<\/a><\/p>\n","protected":false},"excerpt":{"rendered":"<p>Dentro de nuestros servicios, te podemos ayudar haci\u00e9ndonos cargo del env\u00edo de tus\u00a0campa\u00f1as\u00a0de\u00a0email marketing\u00a0MailChimp. Este servicio incluye: Audox es Partner Oficial de MailChimp en Chile En Audox somos expertos en la gesti\u00f3n de campa\u00f1as de Email Marketing MailChimp. Cualquier consulta &hellip;<\/p>\n<p class=\"read-more\"> <a class=\"more-link\" href=\"https:\/\/www.audox.cl\/mailchimp\/gestion-email-marketing-mailchimp\/\"> <span class=\"screen-reader-text\">Gesti\u00f3n de Campa\u00f1as<\/span> Leer m\u00e1s \u00bb<\/a><\/p>\n","protected":false},"author":1,"featured_media":0,"parent":0,"menu_order":2,"comment_status":"closed","ping_status":"closed","template":"","meta":{"om_disable_all_campaigns":false,"inline_featured_image":false,"_monsterinsights_skip_tracking":false,"_monsterinsights_sitenote_active":false,"_monsterinsights_sitenote_note":"","_monsterinsights_sitenote_category":0,"footnotes":""},"class_list":["post-2","page","type-page","status-publish","hentry"],"yoast_head":"<!-- This site is optimized with the Yoast SEO plugin v27.6 - https:\/\/yoast.com\/product\/yoast-seo-wordpress\/ -->\n<title>Email Marketing MailChimp - Expertos Especializados en MailChimp<\/title>\n<meta name=\"description\" content=\"Gesti\u00f3n de Email Marketing MailChimp y Soporte Especializado para MailChimp. Todo lo que necesitas para potenciar tu sistema de correo lo tienes con Audox.\" \/>\n<meta name=\"robots\" content=\"index, follow, max-snippet:-1, max-image-preview:large, max-video-preview:-1\" \/>\n<link rel=\"canonical\" href=\"https:\/\/www.audox.cl\/mailchimp\/gestion-email-marketing-mailchimp\/\" \/>\n<meta property=\"og:locale\" content=\"es_ES\" \/>\n<meta property=\"og:type\" content=\"article\" \/>\n<meta property=\"og:title\" content=\"Email Marketing MailChimp - Expertos Especializados en MailChimp\" \/>\n<meta property=\"og:description\" content=\"Gesti\u00f3n de Email Marketing MailChimp y Soporte Especializado para MailChimp. Todo lo que necesitas para potenciar tu sistema de correo lo tienes con Audox.\" \/>\n<meta property=\"og:url\" content=\"https:\/\/www.audox.cl\/mailchimp\/gestion-email-marketing-mailchimp\/\" \/>\n<meta property=\"og:site_name\" content=\"MailChimp Expertos\" \/>\n<meta property=\"article:modified_time\" content=\"2023-01-08T20:09:20+00:00\" \/>\n<meta property=\"og:image\" content=\"http:\/\/www.audox.cl\/mailchimp\/wp-content\/uploads\/sites\/42\/2020\/06\/image-1024x643.png\" \/>\n<meta name=\"twitter:card\" content=\"summary_large_image\" \/>\n<meta name=\"twitter:label1\" content=\"Tiempo de lectura\" \/>\n\t<meta name=\"twitter:data1\" content=\"2 minutos\" \/>\n<script type=\"application\/ld+json\" class=\"yoast-schema-graph\">{\"@context\":\"https:\\\/\\\/schema.org\",\"@graph\":[{\"@type\":\"WebPage\",\"@id\":\"https:\\\/\\\/www.audox.cl\\\/mailchimp\\\/gestion-email-marketing-mailchimp\\\/\",\"url\":\"https:\\\/\\\/www.audox.cl\\\/mailchimp\\\/gestion-email-marketing-mailchimp\\\/\",\"name\":\"Email Marketing MailChimp - Expertos Especializados en MailChimp\",\"isPartOf\":{\"@id\":\"https:\\\/\\\/www.audox.cl\\\/mailchimp\\\/#website\"},\"primaryImageOfPage\":{\"@id\":\"https:\\\/\\\/www.audox.cl\\\/mailchimp\\\/gestion-email-marketing-mailchimp\\\/#primaryimage\"},\"image\":{\"@id\":\"https:\\\/\\\/www.audox.cl\\\/mailchimp\\\/gestion-email-marketing-mailchimp\\\/#primaryimage\"},\"thumbnailUrl\":\"http:\\\/\\\/www.audox.cl\\\/mailchimp\\\/wp-content\\\/uploads\\\/sites\\\/42\\\/2020\\\/06\\\/image-1024x643.png\",\"datePublished\":\"2020-06-07T05:44:34+00:00\",\"dateModified\":\"2023-01-08T20:09:20+00:00\",\"description\":\"Gesti\u00f3n de Email Marketing MailChimp y Soporte Especializado para MailChimp. Todo lo que necesitas para potenciar tu sistema de correo lo tienes con Audox.\",\"breadcrumb\":{\"@id\":\"https:\\\/\\\/www.audox.cl\\\/mailchimp\\\/gestion-email-marketing-mailchimp\\\/#breadcrumb\"},\"inLanguage\":\"es\",\"potentialAction\":[{\"@type\":\"ReadAction\",\"target\":[\"https:\\\/\\\/www.audox.cl\\\/mailchimp\\\/gestion-email-marketing-mailchimp\\\/\"]}]},{\"@type\":\"ImageObject\",\"inLanguage\":\"es\",\"@id\":\"https:\\\/\\\/www.audox.cl\\\/mailchimp\\\/gestion-email-marketing-mailchimp\\\/#primaryimage\",\"url\":\"https:\\\/\\\/www.audox.cl\\\/mailchimp\\\/wp-content\\\/uploads\\\/sites\\\/42\\\/2020\\\/06\\\/image.png\",\"contentUrl\":\"https:\\\/\\\/www.audox.cl\\\/mailchimp\\\/wp-content\\\/uploads\\\/sites\\\/42\\\/2020\\\/06\\\/image.png\",\"width\":1042,\"height\":654},{\"@type\":\"BreadcrumbList\",\"@id\":\"https:\\\/\\\/www.audox.cl\\\/mailchimp\\\/gestion-email-marketing-mailchimp\\\/#breadcrumb\",\"itemListElement\":[{\"@type\":\"ListItem\",\"position\":1,\"name\":\"Portada\",\"item\":\"https:\\\/\\\/www.audox.cl\\\/mailchimp\\\/\"},{\"@type\":\"ListItem\",\"position\":2,\"name\":\"Gesti\u00f3n de Campa\u00f1as\"}]},{\"@type\":\"WebSite\",\"@id\":\"https:\\\/\\\/www.audox.cl\\\/mailchimp\\\/#website\",\"url\":\"https:\\\/\\\/www.audox.cl\\\/mailchimp\\\/\",\"name\":\"MailChimp Expertos\",\"description\":\"Implementaci\u00f3n, Capacitaci\u00f3n y Soporte para MailChimp en Chile\",\"potentialAction\":[{\"@type\":\"SearchAction\",\"target\":{\"@type\":\"EntryPoint\",\"urlTemplate\":\"https:\\\/\\\/www.audox.cl\\\/mailchimp\\\/?s={search_term_string}\"},\"query-input\":{\"@type\":\"PropertyValueSpecification\",\"valueRequired\":true,\"valueName\":\"search_term_string\"}}],\"inLanguage\":\"es\"}]}<\/script>\n<!-- \/ Yoast SEO plugin. -->","yoast_head_json":{"title":"Email Marketing MailChimp - Expertos Especializados en MailChimp","description":"Gesti\u00f3n de Email Marketing MailChimp y Soporte Especializado para MailChimp. Todo lo que necesitas para potenciar tu sistema de correo lo tienes con Audox.","robots":{"index":"index","follow":"follow","max-snippet":"max-snippet:-1","max-image-preview":"max-image-preview:large","max-video-preview":"max-video-preview:-1"},"canonical":"https:\/\/www.audox.cl\/mailchimp\/gestion-email-marketing-mailchimp\/","og_locale":"es_ES","og_type":"article","og_title":"Email Marketing MailChimp - Expertos Especializados en MailChimp","og_description":"Gesti\u00f3n de Email Marketing MailChimp y Soporte Especializado para MailChimp. Todo lo que necesitas para potenciar tu sistema de correo lo tienes con Audox.","og_url":"https:\/\/www.audox.cl\/mailchimp\/gestion-email-marketing-mailchimp\/","og_site_name":"MailChimp Expertos","article_modified_time":"2023-01-08T20:09:20+00:00","og_image":[{"url":"http:\/\/www.audox.cl\/mailchimp\/wp-content\/uploads\/sites\/42\/2020\/06\/image-1024x643.png","type":"","width":"","height":""}],"twitter_card":"summary_large_image","twitter_misc":{"Tiempo de lectura":"2 minutos"},"schema":{"@context":"https:\/\/schema.org","@graph":[{"@type":"WebPage","@id":"https:\/\/www.audox.cl\/mailchimp\/gestion-email-marketing-mailchimp\/","url":"https:\/\/www.audox.cl\/mailchimp\/gestion-email-marketing-mailchimp\/","name":"Email Marketing MailChimp - Expertos Especializados en MailChimp","isPartOf":{"@id":"https:\/\/www.audox.cl\/mailchimp\/#website"},"primaryImageOfPage":{"@id":"https:\/\/www.audox.cl\/mailchimp\/gestion-email-marketing-mailchimp\/#primaryimage"},"image":{"@id":"https:\/\/www.audox.cl\/mailchimp\/gestion-email-marketing-mailchimp\/#primaryimage"},"thumbnailUrl":"http:\/\/www.audox.cl\/mailchimp\/wp-content\/uploads\/sites\/42\/2020\/06\/image-1024x643.png","datePublished":"2020-06-07T05:44:34+00:00","dateModified":"2023-01-08T20:09:20+00:00","description":"Gesti\u00f3n de Email Marketing MailChimp y Soporte Especializado para MailChimp. Todo lo que necesitas para potenciar tu sistema de correo lo tienes con Audox.","breadcrumb":{"@id":"https:\/\/www.audox.cl\/mailchimp\/gestion-email-marketing-mailchimp\/#breadcrumb"},"inLanguage":"es","potentialAction":[{"@type":"ReadAction","target":["https:\/\/www.audox.cl\/mailchimp\/gestion-email-marketing-mailchimp\/"]}]},{"@type":"ImageObject","inLanguage":"es","@id":"https:\/\/www.audox.cl\/mailchimp\/gestion-email-marketing-mailchimp\/#primaryimage","url":"https:\/\/www.audox.cl\/mailchimp\/wp-content\/uploads\/sites\/42\/2020\/06\/image.png","contentUrl":"https:\/\/www.audox.cl\/mailchimp\/wp-content\/uploads\/sites\/42\/2020\/06\/image.png","width":1042,"height":654},{"@type":"BreadcrumbList","@id":"https:\/\/www.audox.cl\/mailchimp\/gestion-email-marketing-mailchimp\/#breadcrumb","itemListElement":[{"@type":"ListItem","position":1,"name":"Portada","item":"https:\/\/www.audox.cl\/mailchimp\/"},{"@type":"ListItem","position":2,"name":"Gesti\u00f3n de Campa\u00f1as"}]},{"@type":"WebSite","@id":"https:\/\/www.audox.cl\/mailchimp\/#website","url":"https:\/\/www.audox.cl\/mailchimp\/","name":"MailChimp Expertos","description":"Implementaci\u00f3n, Capacitaci\u00f3n y Soporte para MailChimp en Chile","potentialAction":[{"@type":"SearchAction","target":{"@type":"EntryPoint","urlTemplate":"https:\/\/www.audox.cl\/mailchimp\/?s={search_term_string}"},"query-input":{"@type":"PropertyValueSpecification","valueRequired":true,"valueName":"search_term_string"}}],"inLanguage":"es"}]}},"_links":{"self":[{"href":"https:\/\/www.audox.cl\/mailchimp\/wp-json\/wp\/v2\/pages\/2","targetHints":{"allow":["GET"]}}],"collection":[{"href":"https:\/\/www.audox.cl\/mailchimp\/wp-json\/wp\/v2\/pages"}],"about":[{"href":"https:\/\/www.audox.cl\/mailchimp\/wp-json\/wp\/v2\/types\/page"}],"author":[{"embeddable":true,"href":"https:\/\/www.audox.cl\/mailchimp\/wp-json\/wp\/v2\/users\/1"}],"replies":[{"embeddable":true,"href":"https:\/\/www.audox.cl\/mailchimp\/wp-json\/wp\/v2\/comments?post=2"}],"version-history":[{"count":6,"href":"https:\/\/www.audox.cl\/mailchimp\/wp-json\/wp\/v2\/pages\/2\/revisions"}],"predecessor-version":[{"id":59,"href":"https:\/\/www.audox.cl\/mailchimp\/wp-json\/wp\/v2\/pages\/2\/revisions\/59"}],"wp:attachment":[{"href":"https:\/\/www.audox.cl\/mailchimp\/wp-json\/wp\/v2\/media?parent=2"}],"curies":[{"name":"wp","href":"https:\/\/api.w.org\/{rel}","templated":true}]}}