{"id":19,"date":"2020-07-10T10:28:48","date_gmt":"2020-07-10T10:28:48","guid":{"rendered":"https:\/\/www.audox.cl\/software-para-centros-medicos\/?page_id=19"},"modified":"2020-07-17T18:24:04","modified_gmt":"2020-07-17T18:24:04","slug":"software-medicos","status":"publish","type":"page","link":"https:\/\/www.audox.cl\/software-para-centros-medicos\/software-medicos\/","title":{"rendered":"Servicios"},"content":{"rendered":"\n<p>Los servicos de software para centros medicos de Audox incluyen todos los software m\u00e1s usados y conocidos del mercado. \u00c9stos se dividen en distintos tipos seg\u00fan sus funciones y objetivos. Entre los que se pueden encontrar:<\/p>\n\n\n\n<ul class=\"wp-block-list\"><li>EHR (Electronical Health Recording) o Registro Electr\u00f3nico de Salud: es la recopilaci\u00f3n sistematizada de informaci\u00f3n de salud de pacientes y poblaci\u00f3n almacenada electr\u00f3nicamente en formato digital. Tambi\u00e9n se le conoce como EMR (Electronical Medical Record) o CPR (Computerized Patient Record).<\/li><li>PMS (Medical Practice Management Software) o Sistema de Manejo de Pacientes : Es una categor\u00eda de software de atenci\u00f3n m\u00e9dica que se ocupa de las operaciones diarias de una pr\u00e1ctica m\u00e9dica, incluidos los veterinarios. Dicho software con frecuencia permite a los usuarios capturar datos demogr\u00e1ficos de pacientes, programar citas, mantener listas de pagadores de seguros, realizar tareas de facturaci\u00f3n y generar informes.<\/li><\/ul>\n\n\n\n<figure class=\"wp-block-image size-large\"><img loading=\"lazy\" decoding=\"async\" width=\"1024\" height=\"648\" src=\"https:\/\/www.audox.cl\/software-para-centros-medicos\/wp-content\/uploads\/sites\/52\/2020\/07\/image-1024x648.png\" alt=\"software medicos\" class=\"wp-image-27\" srcset=\"https:\/\/www.audox.cl\/software-para-centros-medicos\/wp-content\/uploads\/sites\/52\/2020\/07\/image-1024x648.png 1024w, https:\/\/www.audox.cl\/software-para-centros-medicos\/wp-content\/uploads\/sites\/52\/2020\/07\/image-300x190.png 300w, https:\/\/www.audox.cl\/software-para-centros-medicos\/wp-content\/uploads\/sites\/52\/2020\/07\/image-768x486.png 768w, https:\/\/www.audox.cl\/software-para-centros-medicos\/wp-content\/uploads\/sites\/52\/2020\/07\/image-100x63.png 100w, https:\/\/www.audox.cl\/software-para-centros-medicos\/wp-content\/uploads\/sites\/52\/2020\/07\/image-150x95.png 150w, https:\/\/www.audox.cl\/software-para-centros-medicos\/wp-content\/uploads\/sites\/52\/2020\/07\/image-200x127.png 200w, https:\/\/www.audox.cl\/software-para-centros-medicos\/wp-content\/uploads\/sites\/52\/2020\/07\/image-450x285.png 450w, https:\/\/www.audox.cl\/software-para-centros-medicos\/wp-content\/uploads\/sites\/52\/2020\/07\/image-600x380.png 600w, https:\/\/www.audox.cl\/software-para-centros-medicos\/wp-content\/uploads\/sites\/52\/2020\/07\/image-900x570.png 900w, https:\/\/www.audox.cl\/software-para-centros-medicos\/wp-content\/uploads\/sites\/52\/2020\/07\/image.png 1041w\" sizes=\"auto, (max-width: 1024px) 100vw, 1024px\" \/><\/figure>\n\n\n\n<p>La mayor\u00eda de los sistemas para centros de salud est\u00e1n dise\u00f1ados para consultorios m\u00e9dicos peque\u00f1os y medianos. Parte del software est\u00e1 dise\u00f1ado o utilizado por compa\u00f1\u00edas de facturaci\u00f3n m\u00e9dica de terceros. El PMS a menudo se divide entre software de escritorio, software cliente-servidor o software basado en Internet.<\/p>\n\n\n\n<h2 class=\"wp-block-heading\">Software Medicos<\/h2>\n\n\n\n<p>En Audox trabajamos con los siguientes software medicos:<\/p>\n\n\n\n<ul class=\"wp-block-list\"><li>OpenEMR<\/li><li>BlueEHR<\/li><li>DriCloud<\/li><li>SimplyBook.me<\/li><\/ul>\n\n\n\n<p>Si su centro m\u00e9dico se encuentra as\u00ed hoy:<\/p>\n\n\n\n<ul class=\"wp-block-list\"><li>Sistemas dispares.<\/li><li>M\u00faltiples sistemas de software para diferentes especialidades.<\/li><li>Tecnolog\u00eda anticuada (o ninguna tecnolog\u00eda).<\/li><li>Construido antes de la llegada de internet.<\/li><li>Infraestructura costosa<\/li><li>Gastos constantes de actualizaciones de hardware y software.<\/li><\/ul>\n\n\n\n<p>Podemos cambiar su situaci\u00f3n con Audox.<\/p>\n\n\n\n<h2 class=\"wp-block-heading\">Servicios para Software Medico con Audox<\/h2>\n\n\n\n<p>Por otro lado, en Audox&nbsp;somos expertos&nbsp;en implementaci\u00f3n, soporte, capacitaci\u00f3n y otros Servicios Software de Mantenimiento para empresas peque\u00f1as, medianas y grandes. As\u00ed como amplia experiencia de m\u00e1s de una d\u00e9cada en el&nbsp;<a href=\"https:\/\/www.youtube.com\/feed\/my_videos\">\u00e1rea de la tecnolog\u00eda e ingenier\u00eda<\/a>.<\/p>\n\n\n\n<p>Adem\u00e1s, nuestro equipo de especialistas est\u00e1 listo para ayudarte en solventar tus problemas y dar respuesta a tus necesidades.<\/p>\n\n\n\n<p><a href=\"https:\/\/www.audox.cl\/software-de-mantenimiento\/contacto\/\">\u00a1<\/a><a href=\"https:\/\/www.audox.cl\/software-para-centros-medicos\/contacto\/\">Cont\u00e1ctanos<\/a><a href=\"https:\/\/www.audox.cl\/software-de-mantenimiento\/contacto\/\">!<\/a><\/p>\n","protected":false},"excerpt":{"rendered":"<p>Los servicos de software para centros medicos de Audox incluyen todos los software m\u00e1s usados y conocidos del mercado. \u00c9stos se dividen en distintos tipos seg\u00fan sus funciones y objetivos. Entre los que se pueden encontrar: EHR (Electronical Health Recording) &hellip;<\/p>\n<p class=\"read-more\"> <a class=\"more-link\" href=\"https:\/\/www.audox.cl\/software-para-centros-medicos\/software-medicos\/\"> <span class=\"screen-reader-text\">Servicios<\/span> Leer m\u00e1s \u00bb<\/a><\/p>\n","protected":false},"author":1,"featured_media":0,"parent":0,"menu_order":1,"comment_status":"closed","ping_status":"closed","template":"","meta":{"om_disable_all_campaigns":false,"inline_featured_image":false,"_monsterinsights_skip_tracking":false,"_monsterinsights_sitenote_active":false,"_monsterinsights_sitenote_note":"","_monsterinsights_sitenote_category":0,"footnotes":""},"class_list":["post-19","page","type-page","status-publish","hentry"],"yoast_head":"<!-- This site is optimized with the Yoast SEO plugin v27.3 - https:\/\/yoast.com\/product\/yoast-seo-wordpress\/ -->\n<title>Software Medicos para Centros de Salud - Servicios IT - Audox<\/title>\n<meta name=\"description\" content=\"Implementaci\u00f3n, Capacitaci\u00f3n, Soporte Especializado y otros Servicios para Software Medicos. Todo lo que necesitas para potenciar tu empresa.\" \/>\n<meta name=\"robots\" content=\"index, follow, max-snippet:-1, max-image-preview:large, max-video-preview:-1\" \/>\n<link rel=\"canonical\" href=\"https:\/\/www.audox.cl\/software-para-centros-medicos\/software-medicos\/\" \/>\n<meta property=\"og:locale\" content=\"es_ES\" \/>\n<meta property=\"og:type\" content=\"article\" \/>\n<meta property=\"og:title\" content=\"Software Medicos para Centros de Salud - Servicios IT - Audox\" \/>\n<meta property=\"og:description\" content=\"Implementaci\u00f3n, Capacitaci\u00f3n, Soporte Especializado y otros Servicios para Software Medicos. Todo lo que necesitas para potenciar tu empresa.\" \/>\n<meta property=\"og:url\" content=\"https:\/\/www.audox.cl\/software-para-centros-medicos\/software-medicos\/\" \/>\n<meta property=\"og:site_name\" content=\"Expertos\" \/>\n<meta property=\"article:modified_time\" content=\"2020-07-17T18:24:04+00:00\" \/>\n<meta property=\"og:image\" content=\"https:\/\/www.audox.cl\/software-para-centros-medicos\/wp-content\/uploads\/sites\/52\/2020\/07\/image-1024x648.png\" \/>\n<meta name=\"twitter:card\" content=\"summary_large_image\" \/>\n<meta name=\"twitter:label1\" content=\"Tiempo de lectura\" \/>\n\t<meta name=\"twitter:data1\" content=\"2 minutos\" \/>\n<script type=\"application\/ld+json\" class=\"yoast-schema-graph\">{\"@context\":\"https:\\\/\\\/schema.org\",\"@graph\":[{\"@type\":\"WebPage\",\"@id\":\"https:\\\/\\\/www.audox.cl\\\/software-para-centros-medicos\\\/software-medicos\\\/\",\"url\":\"https:\\\/\\\/www.audox.cl\\\/software-para-centros-medicos\\\/software-medicos\\\/\",\"name\":\"Software Medicos para Centros de Salud - Servicios IT - Audox\",\"isPartOf\":{\"@id\":\"https:\\\/\\\/www.audox.cl\\\/software-para-centros-medicos\\\/#website\"},\"primaryImageOfPage\":{\"@id\":\"https:\\\/\\\/www.audox.cl\\\/software-para-centros-medicos\\\/software-medicos\\\/#primaryimage\"},\"image\":{\"@id\":\"https:\\\/\\\/www.audox.cl\\\/software-para-centros-medicos\\\/software-medicos\\\/#primaryimage\"},\"thumbnailUrl\":\"https:\\\/\\\/www.audox.cl\\\/software-para-centros-medicos\\\/wp-content\\\/uploads\\\/sites\\\/52\\\/2020\\\/07\\\/image-1024x648.png\",\"datePublished\":\"2020-07-10T10:28:48+00:00\",\"dateModified\":\"2020-07-17T18:24:04+00:00\",\"description\":\"Implementaci\u00f3n, Capacitaci\u00f3n, Soporte Especializado y otros Servicios para Software Medicos. Todo lo que necesitas para potenciar tu empresa.\",\"breadcrumb\":{\"@id\":\"https:\\\/\\\/www.audox.cl\\\/software-para-centros-medicos\\\/software-medicos\\\/#breadcrumb\"},\"inLanguage\":\"es\",\"potentialAction\":[{\"@type\":\"ReadAction\",\"target\":[\"https:\\\/\\\/www.audox.cl\\\/software-para-centros-medicos\\\/software-medicos\\\/\"]}]},{\"@type\":\"ImageObject\",\"inLanguage\":\"es\",\"@id\":\"https:\\\/\\\/www.audox.cl\\\/software-para-centros-medicos\\\/software-medicos\\\/#primaryimage\",\"url\":\"https:\\\/\\\/www.audox.cl\\\/software-para-centros-medicos\\\/wp-content\\\/uploads\\\/sites\\\/52\\\/2020\\\/07\\\/image-1024x648.png\",\"contentUrl\":\"https:\\\/\\\/www.audox.cl\\\/software-para-centros-medicos\\\/wp-content\\\/uploads\\\/sites\\\/52\\\/2020\\\/07\\\/image-1024x648.png\"},{\"@type\":\"BreadcrumbList\",\"@id\":\"https:\\\/\\\/www.audox.cl\\\/software-para-centros-medicos\\\/software-medicos\\\/#breadcrumb\",\"itemListElement\":[{\"@type\":\"ListItem\",\"position\":1,\"name\":\"Portada\",\"item\":\"https:\\\/\\\/www.audox.cl\\\/software-para-centros-medicos\\\/inicio\\\/\"},{\"@type\":\"ListItem\",\"position\":2,\"name\":\"Servicios\"}]},{\"@type\":\"WebSite\",\"@id\":\"https:\\\/\\\/www.audox.cl\\\/software-para-centros-medicos\\\/#website\",\"url\":\"https:\\\/\\\/www.audox.cl\\\/software-para-centros-medicos\\\/\",\"name\":\"Expertos\",\"description\":\"Implementaci\u00f3n, Capacitaci\u00f3n y Soporte para Software para Centros M\u00e9dicos en Chile\",\"potentialAction\":[{\"@type\":\"SearchAction\",\"target\":{\"@type\":\"EntryPoint\",\"urlTemplate\":\"https:\\\/\\\/www.audox.cl\\\/software-para-centros-medicos\\\/?s={search_term_string}\"},\"query-input\":{\"@type\":\"PropertyValueSpecification\",\"valueRequired\":true,\"valueName\":\"search_term_string\"}}],\"inLanguage\":\"es\"}]}<\/script>\n<!-- \/ Yoast SEO plugin. -->","yoast_head_json":{"title":"Software Medicos para Centros de Salud - Servicios IT - Audox","description":"Implementaci\u00f3n, Capacitaci\u00f3n, Soporte Especializado y otros Servicios para Software Medicos. Todo lo que necesitas para potenciar tu empresa.","robots":{"index":"index","follow":"follow","max-snippet":"max-snippet:-1","max-image-preview":"max-image-preview:large","max-video-preview":"max-video-preview:-1"},"canonical":"https:\/\/www.audox.cl\/software-para-centros-medicos\/software-medicos\/","og_locale":"es_ES","og_type":"article","og_title":"Software Medicos para Centros de Salud - Servicios IT - Audox","og_description":"Implementaci\u00f3n, Capacitaci\u00f3n, Soporte Especializado y otros Servicios para Software Medicos. Todo lo que necesitas para potenciar tu empresa.","og_url":"https:\/\/www.audox.cl\/software-para-centros-medicos\/software-medicos\/","og_site_name":"Expertos","article_modified_time":"2020-07-17T18:24:04+00:00","og_image":[{"url":"https:\/\/www.audox.cl\/software-para-centros-medicos\/wp-content\/uploads\/sites\/52\/2020\/07\/image-1024x648.png","type":"","width":"","height":""}],"twitter_card":"summary_large_image","twitter_misc":{"Tiempo de lectura":"2 minutos"},"schema":{"@context":"https:\/\/schema.org","@graph":[{"@type":"WebPage","@id":"https:\/\/www.audox.cl\/software-para-centros-medicos\/software-medicos\/","url":"https:\/\/www.audox.cl\/software-para-centros-medicos\/software-medicos\/","name":"Software Medicos para Centros de Salud - Servicios IT - Audox","isPartOf":{"@id":"https:\/\/www.audox.cl\/software-para-centros-medicos\/#website"},"primaryImageOfPage":{"@id":"https:\/\/www.audox.cl\/software-para-centros-medicos\/software-medicos\/#primaryimage"},"image":{"@id":"https:\/\/www.audox.cl\/software-para-centros-medicos\/software-medicos\/#primaryimage"},"thumbnailUrl":"https:\/\/www.audox.cl\/software-para-centros-medicos\/wp-content\/uploads\/sites\/52\/2020\/07\/image-1024x648.png","datePublished":"2020-07-10T10:28:48+00:00","dateModified":"2020-07-17T18:24:04+00:00","description":"Implementaci\u00f3n, Capacitaci\u00f3n, Soporte Especializado y otros Servicios para Software Medicos. Todo lo que necesitas para potenciar tu empresa.","breadcrumb":{"@id":"https:\/\/www.audox.cl\/software-para-centros-medicos\/software-medicos\/#breadcrumb"},"inLanguage":"es","potentialAction":[{"@type":"ReadAction","target":["https:\/\/www.audox.cl\/software-para-centros-medicos\/software-medicos\/"]}]},{"@type":"ImageObject","inLanguage":"es","@id":"https:\/\/www.audox.cl\/software-para-centros-medicos\/software-medicos\/#primaryimage","url":"https:\/\/www.audox.cl\/software-para-centros-medicos\/wp-content\/uploads\/sites\/52\/2020\/07\/image-1024x648.png","contentUrl":"https:\/\/www.audox.cl\/software-para-centros-medicos\/wp-content\/uploads\/sites\/52\/2020\/07\/image-1024x648.png"},{"@type":"BreadcrumbList","@id":"https:\/\/www.audox.cl\/software-para-centros-medicos\/software-medicos\/#breadcrumb","itemListElement":[{"@type":"ListItem","position":1,"name":"Portada","item":"https:\/\/www.audox.cl\/software-para-centros-medicos\/inicio\/"},{"@type":"ListItem","position":2,"name":"Servicios"}]},{"@type":"WebSite","@id":"https:\/\/www.audox.cl\/software-para-centros-medicos\/#website","url":"https:\/\/www.audox.cl\/software-para-centros-medicos\/","name":"Expertos","description":"Implementaci\u00f3n, Capacitaci\u00f3n y Soporte para Software para Centros M\u00e9dicos en Chile","potentialAction":[{"@type":"SearchAction","target":{"@type":"EntryPoint","urlTemplate":"https:\/\/www.audox.cl\/software-para-centros-medicos\/?s={search_term_string}"},"query-input":{"@type":"PropertyValueSpecification","valueRequired":true,"valueName":"search_term_string"}}],"inLanguage":"es"}]}},"_links":{"self":[{"href":"https:\/\/www.audox.cl\/software-para-centros-medicos\/wp-json\/wp\/v2\/pages\/19","targetHints":{"allow":["GET"]}}],"collection":[{"href":"https:\/\/www.audox.cl\/software-para-centros-medicos\/wp-json\/wp\/v2\/pages"}],"about":[{"href":"https:\/\/www.audox.cl\/software-para-centros-medicos\/wp-json\/wp\/v2\/types\/page"}],"author":[{"embeddable":true,"href":"https:\/\/www.audox.cl\/software-para-centros-medicos\/wp-json\/wp\/v2\/users\/1"}],"replies":[{"embeddable":true,"href":"https:\/\/www.audox.cl\/software-para-centros-medicos\/wp-json\/wp\/v2\/comments?post=19"}],"version-history":[{"count":3,"href":"https:\/\/www.audox.cl\/software-para-centros-medicos\/wp-json\/wp\/v2\/pages\/19\/revisions"}],"predecessor-version":[{"id":28,"href":"https:\/\/www.audox.cl\/software-para-centros-medicos\/wp-json\/wp\/v2\/pages\/19\/revisions\/28"}],"wp:attachment":[{"href":"https:\/\/www.audox.cl\/software-para-centros-medicos\/wp-json\/wp\/v2\/media?parent=19"}],"curies":[{"name":"wp","href":"https:\/\/api.w.org\/{rel}","templated":true}]}}