{"id":19,"date":"2020-08-05T07:56:54","date_gmt":"2020-08-05T07:56:54","guid":{"rendered":"https:\/\/www.audox.cl\/soporte-para-g-suite\/?page_id=19"},"modified":"2020-08-06T00:26:00","modified_gmt":"2020-08-06T00:26:00","slug":"servicios-g-suite","status":"publish","type":"page","link":"https:\/\/www.audox.cl\/soporte-para-g-suite\/servicios-g-suite\/","title":{"rendered":"Servicios"},"content":{"rendered":"\n<p>Nuestros servicios para <strong>G Suite<\/strong> incluyen:<\/p>\n\n\n\n<ul class=\"wp-block-list\"><li>Implementaci\u00f3n<\/li><li>Capacitaci\u00f3n<\/li><li>Soporte<\/li><\/ul>\n\n\n\n<h2 class=\"wp-block-heading\">\u00bfQu\u00e9 es G Suite?<\/h2>\n\n\n\n<p>G Suite, anteriormente conocido como Google Apps for Work, es un producto de software como servicio (SaaS) que agrupa todas las herramientas de colaboraci\u00f3n y productividad basadas en la nube desarrollada por Google.<\/p>\n\n\n\n<p>Estas aplicaciones son para empresas, institutos y organizaciones sin fines de lucro. Incluido con cada suscripci\u00f3n tiene acceso a direcciones personalizadas de Gmail, documentos, hojas de c\u00e1lculo, diapositivas, calendario, unidad, sitios y mucho m\u00e1s.<\/p>\n\n\n\n<figure class=\"wp-block-image size-large\"><img loading=\"lazy\" decoding=\"async\" width=\"1024\" height=\"650\" src=\"https:\/\/www.audox.cl\/soporte-para-g-suite\/wp-content\/uploads\/sites\/71\/2020\/08\/image-1024x650.png\" alt=\"G Suite\" class=\"wp-image-23\" srcset=\"https:\/\/www.audox.cl\/soporte-para-g-suite\/wp-content\/uploads\/sites\/71\/2020\/08\/image-1024x650.png 1024w, https:\/\/www.audox.cl\/soporte-para-g-suite\/wp-content\/uploads\/sites\/71\/2020\/08\/image-300x190.png 300w, https:\/\/www.audox.cl\/soporte-para-g-suite\/wp-content\/uploads\/sites\/71\/2020\/08\/image-768x488.png 768w, https:\/\/www.audox.cl\/soporte-para-g-suite\/wp-content\/uploads\/sites\/71\/2020\/08\/image-100x63.png 100w, https:\/\/www.audox.cl\/soporte-para-g-suite\/wp-content\/uploads\/sites\/71\/2020\/08\/image-150x95.png 150w, https:\/\/www.audox.cl\/soporte-para-g-suite\/wp-content\/uploads\/sites\/71\/2020\/08\/image-200x127.png 200w, https:\/\/www.audox.cl\/soporte-para-g-suite\/wp-content\/uploads\/sites\/71\/2020\/08\/image-450x286.png 450w, https:\/\/www.audox.cl\/soporte-para-g-suite\/wp-content\/uploads\/sites\/71\/2020\/08\/image-600x381.png 600w, https:\/\/www.audox.cl\/soporte-para-g-suite\/wp-content\/uploads\/sites\/71\/2020\/08\/image-900x571.png 900w, https:\/\/www.audox.cl\/soporte-para-g-suite\/wp-content\/uploads\/sites\/71\/2020\/08\/image.png 1038w\" sizes=\"auto, (max-width: 1024px) 100vw, 1024px\" \/><\/figure>\n\n\n\n<h2 class=\"wp-block-heading\">\u00bfQu\u00e9 puedes hacer con la herramienta?<\/h2>\n\n\n\n<p>Puede parecer que muchas de las mismas aplicaciones de Google est\u00e1n disponibles de forma gratuita. Pero hay algunas caracter\u00edsticas clave que ayudan a la herramienta a integrarse perfectamente con su empresa.<\/p>\n\n\n\n<p>Si bien la mayor\u00eda de estos productos son gratuitos para todos, la versi\u00f3n premium agrega funciones de nivel empresarial para sus suscriptores. <\/p>\n\n\n\n<p>Algunas de estas funciones incluyen: calendarios compartidos, almacenamiento en la nube ilimitado opcional, controles de administraci\u00f3n avanzados (como agregar y eliminar usuarios), verificaci\u00f3n en dos pasos e inicio de sesi\u00f3n \u00fanico, y herramientas simples de migraci\u00f3n de datos para transferir todos los datos valiosos de su empresa a G Suite . <\/p>\n\n\n\n<p>Adem\u00e1s, G Suite viene con administraci\u00f3n de dispositivos m\u00f3viles, lo que le permite activar y desactivar dispositivos m\u00f3viles, controlar qu\u00e9 aplicaciones est\u00e1n habilitadas y borrado remoto si el empleado se vuelve p\u00edcaro con un dispositivo de la compa\u00f1\u00eda.<\/p>\n\n\n\n<p>Adem\u00e1s de todas esas excelentes funciones, G Suite tambi\u00e9n tiene direcciones de correo electr\u00f3nico personalizadas para su dominio. <\/p>\n\n\n\n<p>Entonces, por ejemplo, a diferencia de una cuenta de Google normal, que usa \u00ab@ gmail.com\u00bb, cuando se registra en G Suite, el correo electr\u00f3nico de cada usuario contendr\u00e1 su dominio y se ver\u00e1 como \u00abalguien@yourdomain.com\u00bb.<\/p>\n\n\n\n<h2 class=\"wp-block-heading\">Servicios para G Suite con Audox<\/h2>\n\n\n\n<p>En Audox&nbsp;<a href=\"https:\/\/www.youtube.com\/watch?v=fCnHr0wm9gU&amp;t=689s\">somos expertos<\/a>&nbsp;en implementaci\u00f3n, soporte y capacitaci\u00f3n de G Suite para empresas peque\u00f1as, medianas y grandes como resultado de nuestra amplia experiencia de m\u00e1s de una d\u00e9cada en el \u00e1rea de la tecnolog\u00eda e ingenier\u00eda.<\/p>\n\n\n\n<p>Es por ello que nuestro equipo de especialistas est\u00e1 listo para ayudarte a solventar tus problemas y dar respuesta a tus necesidades.<\/p>\n\n\n\n<p><a href=\"https:\/\/www.audox.cl\/soporte-para-g-suite\/contacto\/\">\u00a1Cont\u00e1ctanos!<\/a><\/p>\n","protected":false},"excerpt":{"rendered":"<p>Nuestros servicios para G Suite incluyen: Implementaci\u00f3n Capacitaci\u00f3n Soporte \u00bfQu\u00e9 es G Suite? G Suite, anteriormente conocido como Google Apps for Work, es un producto de software como servicio (SaaS) que agrupa todas las herramientas de colaboraci\u00f3n y productividad basadas &hellip;<\/p>\n<p class=\"read-more\"> <a class=\"more-link\" href=\"https:\/\/www.audox.cl\/soporte-para-g-suite\/servicios-g-suite\/\"> <span class=\"screen-reader-text\">Servicios<\/span> Leer m\u00e1s \u00bb<\/a><\/p>\n","protected":false},"author":1,"featured_media":0,"parent":0,"menu_order":1,"comment_status":"closed","ping_status":"closed","template":"","meta":{"om_disable_all_campaigns":false,"inline_featured_image":false,"_monsterinsights_skip_tracking":false,"_monsterinsights_sitenote_active":false,"_monsterinsights_sitenote_note":"","_monsterinsights_sitenote_category":0,"footnotes":""},"class_list":["post-19","page","type-page","status-publish","hentry"],"yoast_head":"<!-- This site is optimized with the Yoast SEO plugin v27.3 - https:\/\/yoast.com\/product\/yoast-seo-wordpress\/ -->\n<title>G Suite - Servicios Especializados para G Suite - Expertos Audox<\/title>\n<meta name=\"description\" content=\"Implementaci\u00f3n, Capacitaci\u00f3n, Soporte Especializado y otros Servicios para G Suite. Todo lo que necesitas para potenciar tu empresa.\" \/>\n<meta name=\"robots\" content=\"index, follow, max-snippet:-1, max-image-preview:large, max-video-preview:-1\" \/>\n<link rel=\"canonical\" href=\"https:\/\/www.audox.cl\/soporte-para-g-suite\/servicios-g-suite\/\" \/>\n<meta property=\"og:locale\" content=\"es_ES\" \/>\n<meta property=\"og:type\" content=\"article\" \/>\n<meta property=\"og:title\" content=\"G Suite - Servicios Especializados para G Suite - Expertos Audox\" \/>\n<meta property=\"og:description\" content=\"Implementaci\u00f3n, Capacitaci\u00f3n, Soporte Especializado y otros Servicios para G Suite. Todo lo que necesitas para potenciar tu empresa.\" \/>\n<meta property=\"og:url\" content=\"https:\/\/www.audox.cl\/soporte-para-g-suite\/servicios-g-suite\/\" \/>\n<meta property=\"og:site_name\" content=\"Expertos\" \/>\n<meta property=\"article:modified_time\" content=\"2020-08-06T00:26:00+00:00\" \/>\n<meta property=\"og:image\" content=\"https:\/\/www.audox.cl\/soporte-para-g-suite\/wp-content\/uploads\/sites\/71\/2020\/08\/image-1024x650.png\" \/>\n<meta name=\"twitter:card\" content=\"summary_large_image\" \/>\n<meta name=\"twitter:label1\" content=\"Tiempo de lectura\" \/>\n\t<meta name=\"twitter:data1\" content=\"2 minutos\" \/>\n<script type=\"application\/ld+json\" class=\"yoast-schema-graph\">{\"@context\":\"https:\\\/\\\/schema.org\",\"@graph\":[{\"@type\":\"WebPage\",\"@id\":\"https:\\\/\\\/www.audox.cl\\\/soporte-para-g-suite\\\/servicios-g-suite\\\/\",\"url\":\"https:\\\/\\\/www.audox.cl\\\/soporte-para-g-suite\\\/servicios-g-suite\\\/\",\"name\":\"G Suite - Servicios Especializados para G Suite - Expertos Audox\",\"isPartOf\":{\"@id\":\"https:\\\/\\\/www.audox.cl\\\/soporte-para-g-suite\\\/#website\"},\"primaryImageOfPage\":{\"@id\":\"https:\\\/\\\/www.audox.cl\\\/soporte-para-g-suite\\\/servicios-g-suite\\\/#primaryimage\"},\"image\":{\"@id\":\"https:\\\/\\\/www.audox.cl\\\/soporte-para-g-suite\\\/servicios-g-suite\\\/#primaryimage\"},\"thumbnailUrl\":\"https:\\\/\\\/www.audox.cl\\\/soporte-para-g-suite\\\/wp-content\\\/uploads\\\/sites\\\/71\\\/2020\\\/08\\\/image-1024x650.png\",\"datePublished\":\"2020-08-05T07:56:54+00:00\",\"dateModified\":\"2020-08-06T00:26:00+00:00\",\"description\":\"Implementaci\u00f3n, Capacitaci\u00f3n, Soporte Especializado y otros Servicios para G Suite. Todo lo que necesitas para potenciar tu empresa.\",\"breadcrumb\":{\"@id\":\"https:\\\/\\\/www.audox.cl\\\/soporte-para-g-suite\\\/servicios-g-suite\\\/#breadcrumb\"},\"inLanguage\":\"es\",\"potentialAction\":[{\"@type\":\"ReadAction\",\"target\":[\"https:\\\/\\\/www.audox.cl\\\/soporte-para-g-suite\\\/servicios-g-suite\\\/\"]}]},{\"@type\":\"ImageObject\",\"inLanguage\":\"es\",\"@id\":\"https:\\\/\\\/www.audox.cl\\\/soporte-para-g-suite\\\/servicios-g-suite\\\/#primaryimage\",\"url\":\"https:\\\/\\\/www.audox.cl\\\/soporte-para-g-suite\\\/wp-content\\\/uploads\\\/sites\\\/71\\\/2020\\\/08\\\/image-1024x650.png\",\"contentUrl\":\"https:\\\/\\\/www.audox.cl\\\/soporte-para-g-suite\\\/wp-content\\\/uploads\\\/sites\\\/71\\\/2020\\\/08\\\/image-1024x650.png\"},{\"@type\":\"BreadcrumbList\",\"@id\":\"https:\\\/\\\/www.audox.cl\\\/soporte-para-g-suite\\\/servicios-g-suite\\\/#breadcrumb\",\"itemListElement\":[{\"@type\":\"ListItem\",\"position\":1,\"name\":\"Portada\",\"item\":\"https:\\\/\\\/www.audox.cl\\\/soporte-para-g-suite\\\/inicio\\\/\"},{\"@type\":\"ListItem\",\"position\":2,\"name\":\"Servicios\"}]},{\"@type\":\"WebSite\",\"@id\":\"https:\\\/\\\/www.audox.cl\\\/soporte-para-g-suite\\\/#website\",\"url\":\"https:\\\/\\\/www.audox.cl\\\/soporte-para-g-suite\\\/\",\"name\":\"Expertos\",\"description\":\"Implementaci\u00f3n, Capacitaci\u00f3n y Soporte para G Suite en Chile\",\"potentialAction\":[{\"@type\":\"SearchAction\",\"target\":{\"@type\":\"EntryPoint\",\"urlTemplate\":\"https:\\\/\\\/www.audox.cl\\\/soporte-para-g-suite\\\/?s={search_term_string}\"},\"query-input\":{\"@type\":\"PropertyValueSpecification\",\"valueRequired\":true,\"valueName\":\"search_term_string\"}}],\"inLanguage\":\"es\"}]}<\/script>\n<!-- \/ Yoast SEO plugin. -->","yoast_head_json":{"title":"G Suite - Servicios Especializados para G Suite - Expertos Audox","description":"Implementaci\u00f3n, Capacitaci\u00f3n, Soporte Especializado y otros Servicios para G Suite. Todo lo que necesitas para potenciar tu empresa.","robots":{"index":"index","follow":"follow","max-snippet":"max-snippet:-1","max-image-preview":"max-image-preview:large","max-video-preview":"max-video-preview:-1"},"canonical":"https:\/\/www.audox.cl\/soporte-para-g-suite\/servicios-g-suite\/","og_locale":"es_ES","og_type":"article","og_title":"G Suite - Servicios Especializados para G Suite - Expertos Audox","og_description":"Implementaci\u00f3n, Capacitaci\u00f3n, Soporte Especializado y otros Servicios para G Suite. Todo lo que necesitas para potenciar tu empresa.","og_url":"https:\/\/www.audox.cl\/soporte-para-g-suite\/servicios-g-suite\/","og_site_name":"Expertos","article_modified_time":"2020-08-06T00:26:00+00:00","og_image":[{"url":"https:\/\/www.audox.cl\/soporte-para-g-suite\/wp-content\/uploads\/sites\/71\/2020\/08\/image-1024x650.png","type":"","width":"","height":""}],"twitter_card":"summary_large_image","twitter_misc":{"Tiempo de lectura":"2 minutos"},"schema":{"@context":"https:\/\/schema.org","@graph":[{"@type":"WebPage","@id":"https:\/\/www.audox.cl\/soporte-para-g-suite\/servicios-g-suite\/","url":"https:\/\/www.audox.cl\/soporte-para-g-suite\/servicios-g-suite\/","name":"G Suite - Servicios Especializados para G Suite - Expertos Audox","isPartOf":{"@id":"https:\/\/www.audox.cl\/soporte-para-g-suite\/#website"},"primaryImageOfPage":{"@id":"https:\/\/www.audox.cl\/soporte-para-g-suite\/servicios-g-suite\/#primaryimage"},"image":{"@id":"https:\/\/www.audox.cl\/soporte-para-g-suite\/servicios-g-suite\/#primaryimage"},"thumbnailUrl":"https:\/\/www.audox.cl\/soporte-para-g-suite\/wp-content\/uploads\/sites\/71\/2020\/08\/image-1024x650.png","datePublished":"2020-08-05T07:56:54+00:00","dateModified":"2020-08-06T00:26:00+00:00","description":"Implementaci\u00f3n, Capacitaci\u00f3n, Soporte Especializado y otros Servicios para G Suite. Todo lo que necesitas para potenciar tu empresa.","breadcrumb":{"@id":"https:\/\/www.audox.cl\/soporte-para-g-suite\/servicios-g-suite\/#breadcrumb"},"inLanguage":"es","potentialAction":[{"@type":"ReadAction","target":["https:\/\/www.audox.cl\/soporte-para-g-suite\/servicios-g-suite\/"]}]},{"@type":"ImageObject","inLanguage":"es","@id":"https:\/\/www.audox.cl\/soporte-para-g-suite\/servicios-g-suite\/#primaryimage","url":"https:\/\/www.audox.cl\/soporte-para-g-suite\/wp-content\/uploads\/sites\/71\/2020\/08\/image-1024x650.png","contentUrl":"https:\/\/www.audox.cl\/soporte-para-g-suite\/wp-content\/uploads\/sites\/71\/2020\/08\/image-1024x650.png"},{"@type":"BreadcrumbList","@id":"https:\/\/www.audox.cl\/soporte-para-g-suite\/servicios-g-suite\/#breadcrumb","itemListElement":[{"@type":"ListItem","position":1,"name":"Portada","item":"https:\/\/www.audox.cl\/soporte-para-g-suite\/inicio\/"},{"@type":"ListItem","position":2,"name":"Servicios"}]},{"@type":"WebSite","@id":"https:\/\/www.audox.cl\/soporte-para-g-suite\/#website","url":"https:\/\/www.audox.cl\/soporte-para-g-suite\/","name":"Expertos","description":"Implementaci\u00f3n, Capacitaci\u00f3n y Soporte para G Suite en Chile","potentialAction":[{"@type":"SearchAction","target":{"@type":"EntryPoint","urlTemplate":"https:\/\/www.audox.cl\/soporte-para-g-suite\/?s={search_term_string}"},"query-input":{"@type":"PropertyValueSpecification","valueRequired":true,"valueName":"search_term_string"}}],"inLanguage":"es"}]}},"_links":{"self":[{"href":"https:\/\/www.audox.cl\/soporte-para-g-suite\/wp-json\/wp\/v2\/pages\/19","targetHints":{"allow":["GET"]}}],"collection":[{"href":"https:\/\/www.audox.cl\/soporte-para-g-suite\/wp-json\/wp\/v2\/pages"}],"about":[{"href":"https:\/\/www.audox.cl\/soporte-para-g-suite\/wp-json\/wp\/v2\/types\/page"}],"author":[{"embeddable":true,"href":"https:\/\/www.audox.cl\/soporte-para-g-suite\/wp-json\/wp\/v2\/users\/1"}],"replies":[{"embeddable":true,"href":"https:\/\/www.audox.cl\/soporte-para-g-suite\/wp-json\/wp\/v2\/comments?post=19"}],"version-history":[{"count":3,"href":"https:\/\/www.audox.cl\/soporte-para-g-suite\/wp-json\/wp\/v2\/pages\/19\/revisions"}],"predecessor-version":[{"id":26,"href":"https:\/\/www.audox.cl\/soporte-para-g-suite\/wp-json\/wp\/v2\/pages\/19\/revisions\/26"}],"wp:attachment":[{"href":"https:\/\/www.audox.cl\/soporte-para-g-suite\/wp-json\/wp\/v2\/media?parent=19"}],"curies":[{"name":"wp","href":"https:\/\/api.w.org\/{rel}","templated":true}]}}